e 5*m = d + 55. What is the tens digit of m?
3
Let h = -86 + 125. Suppose -24 = -3*l + h. What is the tens digit of l?
2
Suppose 5*j - 321 = 2*j. Suppose -x + j = 2*c, -4*c - 8 = 4. What is the hundreds digit of x?
1
Let a(q) = -q**3 + 5*q**2 + 14*q + 2. Let h be a(7). Let g be 45/(-12)*8/(-3). Suppose -h*c = -c - g. What is the tens digit of c?
1
Let b(o) = -o**2 + 15*o - 7. Suppose 0*p - 180 = -3*p. Suppose -v - 4*v + p = 0. What is the tens digit of b(v)?
2
What is the units digit of (-46)/(13/(234/(-4)))?
7
Let g(k) be the first derivative of 8 + 46/3*k**3 - 2*k - 1/2*k**2. What is the units digit of g(-1)?
5
Let f(d) = -1 - 12 - 11 + 7 + 3*d. Suppose -4*b + 0 - 39 = -3*k, 0 = -5*k - 4*b + 33. What is the tens digit of f(k)?
1
Let r(i) = -3*i + 2. Let j be r(3). Let f(m) be the first derivative of m**3/3 + 5*m**2/2 - 12*m - 340. What is the units digit of f(j)?
2
Suppose 142 + 38 = 15*v. Suppose 11*g = v*g + 1, -5*z + 411 = -g. What is the tens digit of z?
8
Suppose -4 = 4*f - 5*l + 2, -4*l = f + 12. What is the units digit of 824/68 - f/(-34)?
2
Let k = 765 + -193. What is the hundreds digit of k?
5
Let m = 7 + -5. Suppose -s = -m*s + 6. Let x = s - 3. What is the units digit of x?
3
Let b be (-10 + -2)/((-4)/2). Let t = b - 5. Suppose -t = -2*m + 45. What is the tens digit of m?
2
Let n be ((-15)/9)/(1/(-3)). Let f(t) = -3*t + 22. What is the units digit of f(n)?
7
What is the units digit of (-233)/(((-22)/(-132))/((-2)/6))?
6
Let b(r) = r**3 + 10*r**2 + 28*r + 11. Let i be b(-5). Let c(x) be the first derivative of x**3/3 + 3*x**2/2 - 2*x + 1. What is the units digit of c(i)?
2
Suppose -11*n = -5*n - 882. Suppose s - 51 - n = 0. What is the units digit of s?
8
Suppose -13*x = -6530 - 6795. What is the units digit of x?
5
Suppose d = -0*s + 5*s - 528, 9 = -3*d. Let a = s + -36. Let m = a - 44. What is the tens digit of m?
2
Let h be (7/2)/(-7)*-28. Let b = 17 - h. Suppose b = -a + 4. What is the units digit of a?
1
Let y(k) = 20*k + 204. What is the units digit of y(0)?
4
Let r(i) = 2*i**3 + 4*i**2 + 3*i. Let s be r(-2). Let g = s - -10. Suppose -x + 75 = g*x. What is the tens digit of x?
1
Suppose -12*i = -17*i. Suppose -5*h - 3*n = -i*h - 8, -n = -h + 8. What is the units digit of ((-1)/(-3))/(h/12)?
1
Let a(w) = 46*w**2 + 2*w + 2. Let j(c) = c**3 + c**2 - 4*c - 3. Let n be j(-3). Let p be ((-9)/(n/2))/(-2). What is the units digit of a(p)?
6
Let l = -57 + 33. Let g = 20 + l. What is the units digit of 0 + (-16)/g + 1?
5
Let c(j) = j**3 - j**2 + 2*j + 4. Let v be c(3). Let b(w) = -w**2 - 6*w - 5. Let n be b(-6). Let o = n + v. What is the tens digit of o?
2
Let g = -1598 + 3820. What is the thousands digit of g?
2
Let r be (-8)/6*156/(-8). Let u be 5*(r/(-10) - -1). Let i = u - -44. What is the units digit of i?
6
What is the thousands digit of ((-786)/(-24))/((-5)/(-460))?
3
Let h(j) = -j**3 - 5*j**2 + 7*j - 6. Let g be h(-7). Suppose 9 - 89 = 5*a. Let d = g + a. What is the tens digit of d?
2
Let n = 35 + -17. Let t be 44/(-6)*n/(-12). Suppose -v + t + 6 = 0. What is the units digit of v?
7
Suppose -6*k + 726 = -0*k. Suppose k = -8*o + 905. What is the units digit of o?
8
What is the hundreds digit of 8/160*-5 + (-2554)/(-8)?
3
Let j = 60 + -60. Let o(u) = u**3 - 2*u**2 + 182. What is the tens digit of o(j)?
8
Suppose 7*f - 4*f = 1152. Suppose -3*l = -129 - f. Suppose 2*q + 0*q - 5*o = 82, -5*q = -4*o - l. What is the tens digit of q?
3
Let n(r) = -r**3 + 11*r**2 - 8*r - 12. Let i(f) = -f + 4. Let t be i(-6). Let l be n(t). Suppose l*h = 3*h + 55. What is the units digit of h?
1
Let x(y) = -3493*y**2 + 2*y - 1. Let q be x(1). Let u be 3/5 + q/20. What is the units digit of (u/(-9))/(6/9)?
9
Let n(b) = 290*b - 120. Let h(g) = -17*g + 7. Let a(k) = -35*h(k) - 2*n(k). Let m be a(7). Suppose u = -3*u + m. What is the tens digit of u?
2
Suppose i = -5*i + 648. Suppose 5*x = 3*g + 488, 0 = -x + 2*x + 2*g - i. What is the hundreds digit of x?
1
Suppose 0 = -3*h - 35 + 71. Let o(r) = -r**2 + 16*r - 24. What is the tens digit of o(h)?
2
What is the units digit of 15915/(-3)*(-1)/((-45)/(-18))?
2
Let z be (-2 - 7)*16/(-6). Suppose 6*n - 2*n = 4*w + z, 5*n = -5*w + 10. Suppose -108 = -n*d - k, -3*d - 5*k + 13 + 68 = 0. What is the units digit of d?
7
Suppose 0 = 3*r - 3, 9*s - 2073 = 4*s - 3*r. What is the tens digit of s?
1
Let o be (16/(-12))/((-4)/252). Let c = o + 1. What is the tens digit of c?
8
Suppose -2*z + 0*z - 60 = 0. Let j = -50 - z. What is the tens digit of (-36)/(-8)*j/(-3)?
3
Let n(s) = -88*s - 185. What is the hundreds digit of n(-10)?
6
Let f(d) = -d**2 + 11*d - 6. Suppose -5*c - 11 + 41 = 0. Let r be f(c). What is the units digit of (r/30)/((-4)/(-70))?
4
Suppose 0 = 6*v - 3*v. Suppose 0*z + 4*z + 244 = v. Let k = -35 - z. What is the tens digit of k?
2
Let l(i) = -2*i**2 + 71*i - 70. What is the units digit of l(20)?
0
Let b(x) = 18 - 3*x + 5*x - 3*x. What is the units digit of b(7)?
1
Let q be 68/7 - 2/(-7). Let w(k) = -k**3 - 9*k**2 + k + 13. Let h be w(-9). Let n = q + h. What is the tens digit of n?
1
Let j = -13 - -17. Suppose -f = -3*i + j*f + 35, 3*f = -12. Suppose 0 = -i*x - 2*z + 189, 0 = -2*x - 2*z + 7*z + 64. What is the units digit of x?
7
Let v = -15 - -15. Suppose -4*r + 162 + 74 = v. Suppose 13 = -d + r. What is the tens digit of d?
4
Suppose 6*r - 3*r = 0. Suppose r = 4*z - 2*z - 12. What is the tens digit of ((-4)/z)/(3/(-90))?
2
What is the tens digit of (-2)/6 + (-10)/(-30) - -855?
5
Let i(v) = -v**2 - 94*v + 216. What is the units digit of i(-50)?
6
Let x = 1001 - 715. What is the units digit of x?
6
Let b be ((-26)/2)/(1/(-2)). Let d be ((-1035)/230)/(3/2 - 1). Let k = d + b. What is the tens digit of k?
1
Suppose -5*f - 6 = -26. Suppose 0 = 3*h - f*h + 240. Suppose 12*c - h = 7*c. What is the units digit of c?
8
Let c = -54 - 67. Let m = c - -256. What is the tens digit of m?
3
Let w = 88 + 77. What is the units digit of w?
5
What is the units digit of ((-597)/2 + 0)/((-79)/158)?
7
Suppose 4*y - 3*y - 32 = -k, -2*y + 4 = 0. Suppose 0 = 2*x - d + 63, -2*x + d - k = -x. Let s = x + 72. What is the units digit of s?
9
Let d(x) = 14*x**2 + 16*x - 18. What is the tens digit of d(5)?
1
Suppose 9*x = 30 + 51. Suppose 482 = x*w - 7*w. What is the units digit of w?
1
Suppose 3*h + 7 = -8. Let n(z) = -2*z - 6. Let g be n(h). Suppose -2*c = -g*c + 40. What is the units digit of c?
0
Let d(k) = 3*k**3 - k**2 - 4*k + 4. Let h be d(2). Suppose h*x - 708 = 2092. What is the units digit of x?
5
Let o = -683 + 1236. What is the units digit of o?
3
Let l = 41 + -58. Let z = l - -36. What is the tens digit of z?
1
Let y be 3 + (-3 - -2) + 41. Suppose 0 = -f + y + 53. Suppose -i - f = -5*i. What is the units digit of i?
4
Suppose -4*d - 4*m + 28 = -0*d, -2*d - 5*m + 17 = 0. Let n = 24 - 24. What is the units digit of d*(27/6 + n)?
7
Let b be (6/(-4))/((1 + 0)/(-2)). Suppose -10*w + b = -57. What is the units digit of w?
6
Let z = 2313 - 1385. What is the tens digit of z?
2
Suppose -5 = -3*q + 5*s, -3*q + 4*s + 21 - 14 = 0. Let d(m) = 0*m**2 - 3*m**2 - 7 + 4*m**2. What is the units digit of d(q)?
8
Let a(d) = d**3 - d**2 + d + 1. Let t(o) = -3*o**3 - 11*o**2 + 5*o + 1. Let h(k) = 4*a(k) + t(k). What is the hundreds digit of h(15)?
1
Suppose -3*u - x = -5*u, 16 = 4*u + 2*x. Suppose y - 78 - 63 = -3*z, u*z + 2*y - 98 = 0. What is the tens digit of z?
4
Suppose c - s + 20 = 2*s, 4*c - s = -36. What is the tens digit of 69 - c/(8/(-4))?
6
What is the tens digit of ((-12)/8)/((-3)/220)?
1
Let y = 4 - -48. What is the units digit of (-1)/(-4) + 3315/y?
4
Suppose 4*n = 2*r + 786, 3*r - 28 = -13. What is the tens digit of n?
9
Let s = -226 + 567. What is the tens digit of s?
4
What is the tens digit of (26/6)/(18/27)*6?
3
Let q(a) = 10*a**3 + 3*a**2 + 2*a + 9. Let v be q(5). Suppose 24*p - 18*p = v. What is the hundreds digit of p?
2
Let y(v) be the third derivative of v**5/60 + v**4/12 + 2*v**3/3 - 16*v**2. Let i(h) = h - 8. Let g be i(4). What is the tens digit of y(g)?
1
Suppose -4*b + 6*h + 96 = 2*h, h + 43 = 2*b. Suppose -6*k = -b*k + 507. What is the tens digit of k?
3
Suppose 4*n - f - 31 = 12, -59 = -5*n - 4*f. Suppose 6*j - n*j - 310 = 0. Let x = 97 + j. What is the tens digit of x?
3
Suppose 5*h + 9*z - 230 = 4*z, -